 + 2. What is s(y)?
11
Let v(k) = 0*k + k**3 - k**2 + k + 5*k**2. Give v(-4).
-4
Let h(p) be the second derivative of p**5/20 + 5*p**4/12 + p**3/3 - p**2 + 2*p. Determine h(-4).
6
Let f(y) = -y**2 - 4*y - 1. Let k(h) = -h**3 + 4*h**2 - h + 1. Let d be k(4). Let z be f(d). Let u(v) = z*v - v + 2 + 2. Determine u(0).
4
Suppose -6*r + 2*r + 4*d = -28, 4*r - 14 = -3*d. Let n(v) = -v + 3. What is n(r)?
-2
Let y(q) = q**3 + 5*q**2 + 2*q + 7. Suppose -7 = 2*x - 37. Let j = x + -20. What is y(j)?
-3
Let m(q) be the first derivative of -3*q**2/2 - 3*q + 1. Let p = 41 - 44. Give m(p).
6
Let t = 15 - 8. Suppose -1 = -4*v + t. Let p(q) = -6*q + 0*q**3 + 2 - 6*q**2 - 1 + q**3 - v*q**3. Give p(-5).
6
Let q(u) = -u**2 - 8*u - 8. Let c be (-12)/9*(-30)/(-5). Determine q(c).
-8
Let s(t) = t**2 - 4*t. Suppose 7 = u - 5. Suppose j = -5*f + 30, 2*j = -4*f - 6 + 30. Suppose -f*m = -2*m - u. Give s(m).
-3
Let a = 11 - 8. Let s(z) = 4 + 3*z + 3 - a - z**2 + 0. Give s(5).
-6
Let y be 14/8 + 1/4. Suppose 10 = -y*l + 4*l, 3*l - 25 = 5*v. Let d(u) = -u**3 + 3 + 0 + 13*u - 9*u. Calculate d(v).
3
Let w(i) = -i**3 + i**2. Suppose 0 = -4*x - 0*x - 4. Let g(s) = 4*s**3 - 2*s**2 - 1. Let z(j) = x*g(j) - 5*w(j). What is z(2)?
-3
Let t(h) = -1. Let a(c) be the first derivative of -c**2 - 3*c - 2. Let w be -1*3/6*2. Let o(x) = w*a(x) + t(x). Give o(-4).
-6
Let u(c) = -c - 8. Suppose -3*m - 2*m - 30 = 0. Determine u(m).
-2
Let w(u) be the second derivative of -u**5/20 - u**4/2 + u**3/6 + 3*u**2 - 3*u. Let t be w(-6). Let b(l) = 3*l**2 + 2*l + 0 - 2 + t. What is b(-2)?
6
Suppose 0 = 4*m - c - 28, -c + 4 = 2*m + c. Suppose m = 4*g - 10. Let w(p) = -5*p**3 + 1 - p**2 + 2*p**2 + g*p**3. Determine w(2).
-3
Let m(c) = -c**3 - c**2 - 2*c - 2. Let q(x) = -3*x - 5. Let o be q(-4). Let h = -3 + o. Suppose -2 = -h*u - 10. What is m(u)?
6
Let k be (-2)/6 + 22/3. Let j(z) = 7*z**3 - 5*z**2 + 1. Let i(x) = -14*x**3 + 9*x**2 - 2. Suppose -12 = -y - 2*y. Let c(a) = k*j(a) + y*i(a). Determine c(-1).
7
Suppose 5*m = 3*m - 4*b + 10, 4*m - 20 = 3*b. Let i(z) = z**2 - 6. Determine i(m).
19
Let v(z) = z + 2. Let d = 24 + -32. Determine v(d).
-6
Let p(i) = 6*i**2 - i. Suppose 2*s + 2*s = -4*c - 4, -2*c = 5*s + 14. Suppose c*t + 2*h = 5, 0*t + h = t - 5. Suppose 1 - t = -2*v. What is p(v)?
5
Let f(b) be the third derivative of -b**6/120 + b**4/8 - b**3/2 + 2*b**2. Determine f(2).
-5
Let r(w) = w**2 - 1 + 5*w - 2*w**2 - 8 - w**3 - 6*w. Suppose 0 = 2*x - 3*v + 15, -2*x + 2*v - 10 = -5*x. Give r(x).
-9
Let z(m) = m**3 + 2*m**2 - 1. Let j = -7 - -5. Let n be z(j). Let d(o) = -5*o - 1. Give d(n).
4
Let l(f) = -5*f**2 + 4*f. Let n(k) = 11*k**2 - 8*k. Let y(v) = -9*l(v) - 4*n(v). Suppose -x + 0*x + 4 = 0. Determine y(x).
0
Let c(u) = 5*u - 3. Let q(o) = 3 - 5*o - 6*o + 5*o. Let r(k) = 4*c(k) + 3*q(k). What is r(-4)?
-11
Let r(u) = u. Let v(w) = 2*w + 2. Let g be v(-3). Let y(k) = 2*k + 1. Let c(t) = g*r(t) + 3*y(t). Calculate c(3).
9
Let l(c) = c**2 + c - 1. Suppose -6 = n + n. Let j = 2 + n. Let x be j*(-3 - -2 - 0). Determine l(x).
1
Let i(h) = -15*h**3 - 2*h**2 + h. Suppose -2*c - 3*r - 4 + 3 = 0, c + 5*r = -4. Calculate i(c).
-16
Let g(f) be the first derivative of f**5/60 + f**4/4 - 2*f**3/3 - f**2 + 1. Let o(v) be the second derivative of g(v). Calculate o(-4).
-12
Let k(f) = -f**3 + 6*f**2 - f + 1. Let c = 37 + -31. Determine k(c).
-5
Let z(j) = -7*j + 1. Let l(k) = 20*k - 2. Let x(c) = -4*l(c) - 11*z(c). Let u(s) = -s**2 + 10*s - 11. Let n be u(9). Calculate x(n).
3
Let v(n) be the first derivative of n**2/2 + 3*n - 3. Let u be v(0). Let p(s) = 0*s - 6*s**2 - 2*s - 4*s**u - 6 + 0*s + 3*s**3. Calculate p(-6).
6
Let x(z) = 6*z + 1. Let k(v) = -1. Let f(s) = 2*k(s) - x(s). Let i(o) = 5*o + 2. Let u(b) = -4*f(b) - 5*i(b). Calculate u(0).
2
Let c be (12/(-10))/((-9)/(-30)). Let f(i) = 3 - 2 - 2*i + 0. What is f(c)?
9
Let m(b) = 8*b. Let y(v) = -v + 1. Let o(t) = -m(t) - 6*y(t). Calculate o(-5).
4
Suppose -t - 10*t = -33. Let y(c) = c**2 - 2. What is y(t)?
7
Suppose -3*a + 3 = 15. Let g = 5 + -2. Let w(m) = 10*m + 3 + g - 8*m. What is w(a)?
-2
Suppose 0 = 2*y - 0*y + w + 1, 5*y - 4*w = -9. Let a(f) = 7*f**2 - 1. Let k be a(-1). Let d(i) = -2*i + 2*i + k*i. Give d(y).
-6
Suppose -10 = -5*p + 20. Let n(f) = -2*f + 1 + 0*f**2 + p*f**2 + 0*f**2 - 3*f**2. What is n(1)?
2
Let m(t) = t**3 + 9*t**2 + 10*t - 3. Let y(q) = -2*q**3 - 10*q**2 - 11*q + 4. Let j(c) = -3*m(c) - 2*y(c). What is j(8)?
1
Let n(j) = 3*j**3 + 4*j**2 - 9*j - 4. Let q = 1 + -3. Let d be (-1)/(-2)*-2 + 6. Let s(o) = 7*o**3 + 9*o**2 - 19*o - 7. Let z(x) = d*n(x) + q*s(x). Give z(-4).
-10
Let r(h) = -h**3 - 6*h + 4*h**2 + 5*h - 2*h**2 + 4. What is r(3)?
-8
Let u(s) = 16 + 2*s + 7 - 5*s + 0. Let g be u(10). Let i(w) = -w**3 - 6*w**2 + 6*w - 8. Calculate i(g).
-1
Let s(t) = -t - 6. Let g(l) = 2*l + 6. Let z(p) = -4*g(p) - 5*s(p). What is z(4)?
-6
Suppose 4 = -5*y + 3*y. Let n(v) = 2*v + 0 + 0 + 1 + 2. What is n(y)?
-1
Let j(i) be the first derivative of i**2/2 - 12*i - 22. Determine j(6).
-6
Let r(s) be the first derivative of -1/2*s**2 + 0*s - 1/24*s**4 + 11/6*s**3 + 1. Let w(l) be the second derivative of r(l). Calculate w(0).
11
Suppose -7*w + 2*w - 26 = -2*l, 0 = 5*l + 5*w + 5. Let y(h) = -5*h + h - 1 + h**2 - l*h**2. Determine y(-3).
-7
Let t(n) be the third derivative of -n**5/20 + n**4/24 + n**3/6 - 11*n**2. Let p = 6 - 4. Suppose -8 = 3*q - p. What is t(q)?
-13
Suppose 2*a - 2*w = 0, -3*w - 2*w = -3*a. Suppose a = r - 5. Let t(p) = -5*p**2 + p**3 + 0*p**3 - 6 + 0*p**3. Calculate t(r).
-6
Let f(o) = o**2 + 8*o + 1. Let y(s) = -3*s**2 - 24*s - 4. Let h(m) = 17*f(m) + 6*y(m). Calculate h(-7).
0
Let g(r) = -r**2 - r + 1. Let w(l) = l**2 + 1. Let p(t) = 2*g(t) + w(t). What is p(2)?
-5
Let o(t) = -3*t - 5 + 6 - t - 7. What is o(-4)?
10
Let j(b) = -4*b + b**2 - 2*b - 4 - 4*b + 5*b. Determine j(6).
2
Let s(k) be the first derivative of -k**3/3 + k**2/2 + 2*k - 1. Let u(c) = -5*c + 82. Let z be u(17). What is s(z)?
-10
Let p(m) = m**3 + 3*m**2 - 3*m - 4. Let t(c) = -c**3 + 2*c**2 - 2*c - 4. Let f be t(0). Calculate p(f).
-8
Let m(a) = -a**3 + a**2. Let i(q) = -q**3 + 3*q**2 - q - 1. Let u(n) = i(n) - 2*m(n). Determine u(2).
9
Let d(l) be the third derivative of l**4/24 + l**3/6 - 9*l**2. Let y(j) = -j**3 - 4*j**2 - 2*j + 1. Let w be y(-3). Calculate d(w).
-1
Let c(o) = -7*o**2 + 11*o + 4. Let m = -16 - -22. Let k(t) = 6*t**2 - 10*t - 3. Let g(f) = m*k(f) + 5*c(f). Let z = -62 - -66. Give g(z).
-2
Let v(t) = -6*t**2 + 3*t - 10. Let c(a) = -a**2 + a - 1. Let m(o) = 5*c(o) - v(o). Give m(-5).
20
Let k(i) = -i**2 + 2*i - 1. Suppose -2*s + 1 + 3 = 0. Let h(r) = 15 - 5 - r**2 + 4*r + s*r. Let p be h(7). Determine k(p).
-4
Suppose -5*c = -h + 21, -c + 2*h - 6*h = 21. Let x(k) = -2*k - 6. Determine x(c).
4
Let p(q) = 3 + 2 + 1 - q**2 + 4*q. Let k(j) = -j**3 + 8*j**2 + j - 3. Let v be k(8). Determine p(v).
1
Suppose -5*f = -3*h - 2*h - 20, -4*h - 12 = -3*f. Let k(a) = -a - 1. Let p be k(f). Let g(j) = -j + 4 - 9 - 6. What is g(p)?
-6
Let s(r) = -r**3 - 10*r**2 + 2*r + 10. Let d be (-15)/(15/6 + -1). What is s(d)?
-10
Let r(b) = -b**2 + 8*b - 6. Suppose -15 = x - 7*q + 3*q, -3*x = q - 20. Give r(x).
9
Let s(n) = 6*n**3 - 20*n**2 + 14*n - 1. Let v(j) = -5*j**3 + 18*j**2 - 13*j. Let u(z) = -4*s(z) - 5*v(z). What is u(9)?
4
Let l(b) = -b**2 - 4*b - 1. Suppose 3*a + 1 = -2*v - 4, 20 = -4*a + 4*v. Let c be l(a). Let g(h) = 0*h - h - 5*h - h**c. Calculate g(-5).
5
Let n = -8 - -6. Let y be 10/(4 + n + 0). Suppose 4 = -0*w + w, 4 = -y*h - 4*w. Let i(j) = -j**3 - 4*j**2 - 2*j - 6. What is i(h)?
2
Let w(p) = -p**2 - p. Let s(q) = -9*q**2 - 7. Let o(b) = -8*b**2 - b - 7. Let t(d) = -4*o(d) + 3*s(d). Let x(c) = -t(c) - 6*w(c). Give x(-5).
8
Let n be (-22)/(-11) - (-1 + -2). Let f(z) = -z**3 + 4*z**2 + 4*z + 7. Calculate f(n).
2
Let x(q) be the second derivative of 7/6*q**3 - 6*q + 3/2*q**2 + 0. Give x(-2).
-11
Let h(u) be the third derivative of -u**6/120 - u**5/15 - u**4/6 - u**3/2 - 3*u**2. Give h(-2).
-3
Let x(i) = 11*i**2 + 6*i + 3. Let y(u) = 21*u**2 + 11*u + 5. Let o(g) = 7*x(g) - 4*y(g). Let d be (16/(-24))/((-4)/6). What is o(d)?
-8
Let k(z) = -z**2 + 3*z + 3. Let j = 120 + -116. Give k(j).
-1
Suppose -2*v - 15 = -v. Let p = -15 - v. Let n(x) = -x - 12. What i